s digit of 28065216?
6
What is the ten thousands digit of 364250?
6
What is the units digit of 4280340?
0
What is the units digit of 362850?
0
What is the hundreds digit of 289576?
5
What is the thousands digit of 680774?
0
What is the hundred thousands digit of 282522?
2
What is the hundreds digit of 442360?
3
What is the ten thousands digit of 27888611?
8
What is the hundred thousands digit of 1684006?
6
What is the hundred thousands digit of 208652?
2
What is the units digit of 14092183?
3
What is the ten thousands digit of 1775596?
7
What is the tens digit of 93835?
3
What is the thousands digit of 93453?
3
What is the units digit of 109926?
6
What is the hundreds digit of 1668866?
8
What is the ten thousands digit of 415892?
1
What is the ten thousands digit of 419163?
1
What is the hundred thousands digit of 800380?
8
What is the hundred thousands digit of 111953?
1
What is the units digit of 923518?
8
What is the hundreds digit of 294119?
1
What is the units digit of 636761?
1
What is the ten thousands digit of 580119?
8
What is the ten thousands digit of 249885?
4
What is the thousands digit of 916691?
6
What is the hundred thousands digit of 148411?
1
What is the hundred thousands digit of 7436871?
4
What is the ten thousands digit of 482354?
8
What is the hundreds digit of 117044?
0
What is the hundreds digit of 3080725?
7
What is the tens digit of 1002747?
4
What is the hundred thousands digit of 1203228?
2
What is the units digit of 47192?
2
What is the thousands digit of 441352?
1
What is the thousands digit of 624894?
4
What is the hundreds digit of 10996257?
2
What is the units digit of 20259423?
3
What is the units digit of 666041?
1
What is the hundreds digit of 12183530?
5
What is the thousands digit of 77539?
7
What is the tens digit of 171352?
5
What is the hundreds digit of 3239787?
7
What is the hundred thousands digit of 974166?
9
What is the ten thousands digit of 20349969?
4
What is the hundreds digit of 1075756?
7
What is the ten thousands digit of 85421?
8
What is the millions digit of 11596081?
1
What is the thousands digit of 704305?
4
What is the units digit of 699523?
3
What is the hundred thousands digit of 133065?
1
What is the ten thousands digit of 274994?
7
What is the tens digit of 335449?
4
What is the thousands digit of 681131?
1
What is the ten thousands digit of 526071?
2
What is the hundreds digit of 414773?
7
What is the ten thousands digit of 1324543?
2
What is the hundred thousands digit of 1625477?
6
What is the units digit of 13062205?
5
What is the hundred thousands digit of 246689?
2
What is the tens digit of 2978836?
3
What is the tens digit of 571279?
7
What is the units digit of 2460284?
4
What is the thousands digit of 387321?
7
What is the thousands digit of 192701?
2
What is the units digit of 1060609?
9
What is the ten thousands digit of 7757374?
5
What is the tens digit of 1813065?
6
What is the tens digit of 32596?
9
What is the ten thousands digit of 1485919?
8
What is the hundred thousands digit of 1297521?
2
What is the units digit of 319942?
2
What is the ten thousands digit of 4384150?
8
What is the units digit of 2087177?
7
What is the tens digit of 7708175?
7
What is the tens digit of 1155743?
4
What is the hundreds digit of 513036?
0
What is the hundreds digit of 133234?
2
What is the ten thousands digit of 979090?
7
What is the tens digit of 1881666?
6
What is the ten thousands digit of 6433454?
3
What is the units digit of 307411?
1
What is the tens digit of 8550457?
5
What is the ten thousands digit of 4396688?
9
What is the millions digit of 1051157?
1
What is the hundreds digit of 1415203?
2
What is the thousands digit of 1079523?
9
What is the ten thousands digit of 23793?
2
What is the hundred thousands digit of 373966?
3
What is the tens digit of 7312446?
4
What is the ten thousands digit of 2943984?
4
What is the tens digit of 4915442?
4
What is the ten thousands digit of 104239?
0
What is the hundreds digit of 1471187?
1
What is the thousands digit of 231989?
1
What is the thousands digit of 45668?
5
What is the hundred thousands digit of 210310?
2
What is the hundred thousands digit of 1774794?
7
What is the ten thousands digit of 4328099?
2
What is the tens digit of 2370868?
6
What is the thousands digit of 2917991?
7
What is the hundreds digit of 353783?
7
What is the tens digit of 1036743?
4
What is the hundred thousands digit of 410575?
4
What is the hundred thousands digit of 2464377?
4
What is the hundreds digit of 13786330?
3
What is the hundreds digit of 184320?
3
What is the hundred thousands digit of 2664944?
6
What is the ten thousands digit of 156384?
5
What is the hundreds digit of 9598998?
9
What is the hundreds digit of 157969?
9
What is the ten thousands digit of 335667?
3
What is the thousands digit of 6022148?
2
What is the hundreds digit of 6193942?
9
What is the ten thousands digit of 2851228?
5
What is the ten thousands digit of 2274932?
7
What is the tens digit of 170769?
6
What is the hundreds digit of 55452?
4
What is the hundred thousands digit of 639305?
6
What is the tens digit of 318688?
8
What is the units digit of 14349120?
0
What is the millions digit of 1084489?
1
What is the millions digit of 31600713?
1
What is the units digit of 7896490?
0
What is the units digit of 252362?
2
What is the ten thousands digit of 4360897?
6
What is the hundred thousands digit of 469520?
4
What is the thousands digit of 26382033?
2
What is the ten thousands digit of 16303721?
0
What is the units digit of 9343572?
2
What is the thousands digit of 177890?
7
What is the ten thousands digit of 15327088?
2
What is the ten thousands digit of 332138?
3
What is the ten thousands digit of 904662?
0
What is the hundred thousands digit of 9590023?
5
What is the ten millions digit of 19583205?
1
What is the units digit of 17241962?
2
What is the hundreds digit of 649407?
4
What is the ten millions digit of 19207109?
1
What is the ten thousands digit of 8190028?
9
What is the thousands digit of 2027664?
7
What is the tens digit of 1098192?
9
What is the hundred thousands digit of 163415?
1
What is the ten thousands digit of 9622044?
2
What is the thousands digit of 375560?
5
What is the tens digit of 220295?
9
What is the thousands digit of 2444032?
4
What is the hundred thousands digit of 5504432?
5
What is the hundred thousands digit of 4524396?
5
What is the tens digit of 605902?
0
What is the thousands digit of 336745?
6
What is the hundreds digit of 4872527?
5
What is the hundred thousands digit of 1434396?
4
What is the units digit of 1093062?
2
What is the tens digit of 287524?
2
What is the hundreds digit of 694953?
9
What is the millions digit of 4945479?
4
What is the ten thousands digit of 461941?
6
What is the hundred thousands digit of 109497?
1
What is the ten thousands digit of 940973?
4
What is the units digit of 283665?
5
What is the thousands digit of 227058?
7
What is the ten thousands digit of 123345?
2
What is the ten thousands digit of 3695337?
9
What is the thousands digit of 15457635?
7
What is the millions digit of 4007536?
4
What is the thousands digit of 312767?
2
What is the tens digit of 323279?
7
What is the tens digit of 744265?
6
What is the tens digit of 67354?
5
What is the units digit of 1334827?
7
What is the tens digit of 1505657?
5
What is the tens digit of 1417973?
7
What is the millions digit of 2573452?
2
What is the ten thousands digit of 438659?
3
What is the hundreds digit of 122668?
6
What is the hundred thousands digit of 217981?
2
What is the tens digit of 11280103?
0
What is the units digit of 1996456?
6
What is the thousands digit of 778320?
8
What is the hundred thousands digit of 449340?
4
What is the thousands digit of 9637818?
7
What is the units digit of 6290999?
9
What is the hundreds digit of 183413?
4
What is the thousands digit of 392935?
2
What is the thousands digit of 929329?
9
What is the hundreds digit of 1742088?
0
What is the hundreds digit of 1484332?
3
What is the units digit of 9395667?
7
What is the tens digit of 130393?
9
What is the hundreds digit of 33320?
3
What is the ten millions digit of 30312820?
3
What is the tens digit of 3327351?
5
What is the tens digit of 710672?
7
What is the ten 